he highest common divisor of 184 and 440059.
23
Calculate the greatest common factor of 192147899 and 146.
73
Calculate the greatest common factor of 3295 and 160419711.
659
What is the greatest common factor of 351 and 51210603?
27
Calculate the highest common factor of 72598 and 114.
2
What is the greatest common factor of 23920 and 12676105?
1495
What is the greatest common factor of 29143786 and 162722?
2758
Calculate the highest common divisor of 10322 and 99814.
26
Calculate the highest common factor of 13 and 200257187.
13
What is the highest common divisor of 1294452 and 10988?
164
What is the highest common divisor of 536250 and 1065?
15
Calculate the highest common divisor of 1292796 and 27.
9
What is the highest common factor of 4 and 42584636?
4
What is the highest common factor of 5870 and 4141285?
2935
What is the greatest common factor of 9855 and 3827609?
73
What is the highest common factor of 17132690 and 20485?
1205
Calculate the greatest common factor of 161231 and 248.
31
What is the greatest common factor of 6308640 and 21320?
520
What is the highest common factor of 14 and 173809538?
14
What is the greatest common divisor of 3897 and 699?
3
Calculate the greatest common factor of 96 and 519623392.
32
Calculate the greatest common divisor of 24 and 692584.
8
Calculate the greatest common divisor of 41602 and 1562.
22
What is the greatest common factor of 291431 and 87941?
119
What is the highest common divisor of 224160160 and 322175?
9205
What is the highest common factor of 598 and 217994?
46
Calculate the greatest common divisor of 21930085 and 23579.
323
Calculate the greatest common divisor of 366016 and 7972.
4
What is the highest common divisor of 45 and 257539950?
45
What is the highest common factor of 117229 and 151319?
7
What is the greatest common factor of 125114 and 1694?
242
What is the highest common divisor of 6359535 and 2520?
315
What is the highest common factor of 284563 and 3077?
17
Calculate the highest common factor of 30635760 and 400.
80
What is the greatest common divisor of 411475 and 73839?
151
Calculate the greatest common divisor of 710568 and 232170.
426
What is the highest common factor of 2030 and 18098220?
70
What is the greatest common factor of 4776 and 2538444?
2388
What is the greatest common factor of 288 and 5777964?
36
What is the highest common factor of 68098362 and 5916?
102
What is the highest common factor of 7098 and 63863436?
546
What is the greatest common divisor of 3618 and 25012038?
402
What is the greatest common divisor of 338 and 4451785?
13
Calculate the greatest common divisor of 346 and 3964.
2
What is the greatest common factor of 1644720 and 39270?
2310
Calculate the greatest common divisor of 3364 and 28902647.
841
Calculate the greatest common factor of 183534 and 24978.
1086
Calculate the highest common factor of 15402524 and 1542.
514
Calculate the highest common factor of 16012512 and 258.
258
What is the greatest common divisor of 287940169 and 86?
43
What is the greatest common factor of 387452 and 156?
52
What is the greatest common divisor of 8976065 and 245?
245
Calculate the greatest common divisor of 29475361 and 10338.
1723
What is the greatest common divisor of 2358 and 370494?
18
Calculate the highest common factor of 14306136 and 12.
12
Calculate the highest common divisor of 5352 and 7051929.
669
Calculate the greatest common factor of 1595248720 and 68.
68
Calculate the greatest common divisor of 141421 and 10819501.
1589
What is the highest common factor of 35869809 and 17610?
1761
Calculate the greatest common divisor of 1001072 and 50374.
178
What is the highest common divisor of 11682 and 22049126?
1298
What is the greatest common divisor of 464 and 77543216?
464
Calculate the greatest common factor of 14 and 147744128.
14
Calculate the highest common divisor of 4325169 and 15.
3
What is the highest common divisor of 1027 and 735800312?
1027
Calculate the highest common divisor of 54 and 1116099.
27
What is the greatest common factor of 211341300 and 5931?
1977
What is the highest common divisor of 264 and 7982952?
24
Calculate the highest common factor of 19703865 and 480.
15
What is the greatest common divisor of 27125 and 1304387?
217
What is the greatest common factor of 285 and 1355061?
57
What is the greatest common divisor of 650390270 and 20?
10
Calculate the greatest common factor of 66 and 8374590.
6
Calculate the greatest common factor of 3240234 and 558.
18
Calculate the greatest common divisor of 324 and 166439286.
162
What is the greatest common divisor of 26607 and 3989783?
1267
What is the greatest common factor of 2626 and 62044502?
2626
What is the greatest common divisor of 156375525 and 225?
75
Calculate the greatest common factor of 6348 and 4397853.
69
Calculate the highest common divisor of 238155 and 195.
15
What is the greatest common factor of 12372732 and 108?
36
Calculate the greatest common factor of 1075 and 116088605.
215
Calculate the greatest common factor of 3020520240 and 9.
9
Calculate the highest common divisor of 428818476 and 6504.
3252
What is the highest common divisor of 9 and 4756221?
9
What is the highest common factor of 152 and 292040?
8
What is the greatest common divisor of 43516 and 228206?
506
What is the greatest common divisor of 818077 and 2314?
13
What is the highest common factor of 15631432 and 7956?
68
What is the highest common factor of 3062956 and 644?
92
What is the greatest common divisor of 322 and 7786149?
7
What is the highest common divisor of 3161137 and 7693?
49
Calculate the greatest common factor of 11652 and 423264.
12
What is the highest common factor of 548 and 88599270?
274
What is the highest common factor of 1908 and 7777644?
636
What is the highest common divisor of 24846535 and 105?
35
Calculate the greatest common factor of 5744 and 4539555.
359
Calculate the greatest common divisor of 20557 and 9638.
61
What is the highest common divisor of 6249554 and 2793840?
3326
Calculate the highest common divisor of 19 and 417597884.
19
What is the greatest common factor of 328 and 14897350?
82
Calculate the highest common factor of 177 and 7672377.
3
What is the highest common divisor of 12 and 5425912?
4
What is the greatest common divisor of 39 and 147102?
3
Calculate the highest common divisor of 16538232 and 1752.
24
Calculate the highest common divisor of 58 and 941.
1
Calculate the greatest common factor of 23438961 and 1638.
819
What is the highest common divisor of 125444225 and 25?
25
What is the highest common divisor of 42191 and 2679809?
1361
Calculate the highest common divisor of 62525 and 3539830.
305
What is the greatest common factor of 13979238 and 137046?
546
What is the highest common factor of 12857 and 4961813?
989
Calculate the greatest common factor of 377 and 105529463.
377
What is the greatest common factor of 448 and 18219208?
56
What is the highest common factor of 8906 and 3217694?
146
What is the greatest common divisor of 16 and 10624144?
16
Calculate the greatest common factor of 1963010 and 1914290.
2030
What is the greatest common divisor of 367499 and 517?
11
Calculate the highest common factor of 7414 and 585244.
22
What is the greatest common factor of 3845035 and 10?
5
What is the greatest common factor of 1800890 and 361270?
910
What is the greatest common divisor of 2289 and 35361453?
327
What is the greatest common divisor of 7555 and 405248689?
1511
What is the greatest common factor of 5384124 and 3420?
36
Calculate the highest common factor of 168539850 and 27586.
2122
Calculate the highest common factor of 384040 and 240120.
40
Calculate the greatest common divisor of 150 and 33815625.
75
Calculate the highest common divisor of 84196000 and 100.
100
Calculate the greatest common factor of 25020 and 6767076.
1668
Calculate the highest common factor of 25606750 and 12025.
325
What is the highest common divisor of 9506 and 186102?
98
Calculate the greatest common factor of 6438084 and 30652.
388
What is the highest common factor of 433862 and 43438?
74
Calculate the greatest common factor of 14125 and 29589050.
2825
Calculate the greatest common factor of 88 and 22212146.
22
Calculate the highest common factor of 354 and 2574